
Let o = -12 - -4. Let r(h) = -41*h - 35*h - 33*h - 11 - 42*h - 33*h + 192*h + h**2. Calculate r(o).
-11
Let f(v) = -v + 7. Let c be 225/125*(2 - (-4)/3). Let d be c + (2 - (-4 - -3)). Give f(d).
-2
Let h(l) be the second derivative of -59*l**3/6 + 147*l**2 - 805*l - 1. Give h(5).
-1
Let o(i) = -30*i**2 + 12*i - 22. Let d(a) = -217*a**2 + 84*a - 159. Let q(b) = 2*d(b) - 15*o(b). What is q(1)?
16
Let k(a) = -a**2 + 231*a - 4646. Let f be k(22). Let q(j) = 12*j + 580. What is q(f)?
4
Let w(t) = -t + 2. Suppose 18*g = -12 + 84. Suppose -37*l = -5*n - 33*l - 28, g*n - 2*l = -20. What is w(n)?
6
Let y(q) = -q**3 - 7*q**2 + 8*q + 12. Let r = -7214 - -7222. Suppose 2*i + 51 = 3*k, -3*k = -k + 3*i - 21. Suppose r*s + 49 = -k. Calculate y(s).
12
Suppose -1872 = -49*i + 166*i. Let s(b) = -b**2 - 12*b + 65. Calculate s(i).
1
Let b = 338 + -312. Let z = b - 29. Let g(i) = -2*i + 2 - 2. Determine g(z).
6
Let j(u) = -79708*u - 3 + 79707*u - 5. Let g(q) = -2*q**2 - 4*q - 3. Let x be g(-3). Calculate j(x).
1
Suppose -136*r + 35*r - 189 = 88*r. Suppose -3*x + 20 = 2*x. Let g(i) = 4*i + 4. Let v(m) = 3*m + 3. Let z(b) = x*g(b) - 5*v(b). Determine z(r).
0
Let f(o) be the first derivative of -9*o**2/2 + 2*o + 183. Determine f(1).
-7
Let j(x) = -4*x**2 + 1495661 + 8*x**2 - 1495661 - x. Suppose 5*f - f = 16. Let l be (-9)/(-7) + f/(-14). Give j(l).
3
Let t(s) = s + 25. Let n(p) = 3*p + 24. Let o(l) = 4*n(l) - 3*t(l). Determine o(-13).
-96
Let n = -470 + 434. Let k = n + 32. Let z(o) = -o**2 - 2*o + 4. Give z(k).
-4
Suppose -3*q + 106 = -3*c - 23, -c + 89 = 2*q. Let n = q - 42. Suppose 3*b = -3*l + 6*b - 21, l = n*b - 12. Let f(x) = x**3 + 2*x**2 + 2*x - 1. What is f(l)?
-5
Let c(y) be the first derivative of 1/3*y**3 + 5/2*y**2 + 2*y + 25. What is c(-3)?
-4
Let r(j) = j**3 + 9*j**2 + 7*j - 3. Let z = 39 + -334. Let y = z - -287. Calculate r(y).
5
Suppose -7*a = -41*a + 20*a + 14. Let i(u) = -38*u**2 - 2*u + 2. What is i(a)?
-38
Let u(z) = 9042 - 8922 - z - 14*z. Give u(8).
0
Let t(h) = h**2 - h. Let d = 744 + -656. Let z be 12/(-32) + 121/d. Give t(z).
0
Suppose t - u - 3 = -2*u, -u = -5*t + 45. Suppose -1 = -3*f + 5. Let z(s) = 8*s**f - 4 - 2 - 3*s**3 + 2*s**3. Give z(t).
-6
Let u(x) = 4*x**3 - 3*x**2 + 3*x - 3. Let v(b) = 7*b**3 - 3*b**2 + 6*b - 5. Let o(f) = -5*u(f) + 3*v(f). Give o(-3).
18
Let m(l) = 7*l**2 + 17*l + 13. Let x(g) = -g**2 - g + 1. Let z(h) = m(h) + 6*x(h). Give z(-6).
-11
Let d(j) = -j**2 + j - 1. Let g(i) = -i**3 - 3*i + 5. Let n(t) = 3*d(t) + g(t). Let b be n(-3). Let f(v) = -6 - v**b + 11*v - 8*v**2 + 8*v**2. What is f(7)?
22
Let x = 292 - 272. Let j(c) = 45 + 6*c - 25 - x - c**2. Calculate j(5).
5
Let k(n) be the first derivative of -5*n**3/3 + n**2/2 - n - 10. Let a(h) = 3*h**3 + h. Let y be a(1). Suppose -2*i = g - 3, y*g - 7 = -5*i + 2*g. Give k(i).
-5
Let v(n) = n**2 - 3*n - 25. Let c be v(7). Let f(b) = b**3 + 1 - 18554*b + 9277*b + 9281*b - 5*b**2. Calculate f(c).
-5
Let r(w) = 2*w - 5. Suppose z = -7*z + 16. Let p be -1 - (-5 + z + -3). Calculate r(p).
5
Suppose 258 - 266 = 8*q. Let l be (q/5)/(2/20*-2). Let m(j) = 12*j**3 + j. Determine m(l).
13
Let f = -2 + -5. Let x(i) = 41*i + 1584. Let h(t) = 57*t + 2194. Let u(c) = -13*h(c) + 18*x(c). Calculate u(f).
11
Suppose 5 = 3*f + 4*n, 0 = -4*f + 78*n - 73*n + 17. Let z(j) be the third derivative of -j**4/12 + j**3/2 + j**2. Determine z(f).
-3
Let b be 17106/66 + 1*(-4)/22. Let p = b + -257. Let f(t) = -2*t**2 + 4. Calculate f(p).
-4
Let u be (-1440)/96*(-1)/6*2. Let h(p) = -p**3 + 11*p**2 - 9*p - 5. Calculate h(u).
100
Suppose -349*l - 22 = -348*l + 4*d, 5*d = -2*l - 23. Let y(n) = 7*n - 52. Give y(l).
-10
Let h(k) = -5*k**3 + 4*k - 1. Suppose 2 = -2*i, 2*l + 36 = -3*l - i. Let t(p) = -12*p**3 - p**2 + 14*p - 3. Let g(c) = l*h(c) + 2*t(c). Determine g(1).
10
Let s(w) = -w**3 - 6*w**2 + 6*w - 1. Let y(c) = 17*c**2 + 65*c - 107. Let n(l) = 6*l**2 + 22*l - 36. Let v(o) = 8*n(o) - 3*y(o). Let a be v(-8). Determine s(a).
6
Suppose 0 = 798*g - 800*g + 20586. Let m(h) = 16*h + 8*h**2 + 10286 - g - h**3 - h. What is m(10)?
-57
Suppose -18*c - 57*c + 1495 = -10*c. Let h(o) = o**3 - 22*o**2 - 26*o + 23. Give h(c).
-46
Suppose -z = 2*i + i - 8, -z - 6 = -4*i. Let v be 8 + (i - (-30)/(-6)). Let l(q) = q**3 - 4*q**2 - 6*q + 2. Calculate l(v).
-3
Let j(t) = -11*t + 307. Let g be j(26). Let s(x) = 3*x**2 - 61*x - 46. Calculate s(g).
-4
Let z(n) be the first derivative of 4*n + 61 + 7/2*n**2. Calculate z(3).
25
Let b(m) = -9*m - 57. Let t be b(-13). Suppose -13*o = 7*o - t. Let l(h) = h**2 - 2 + 2 + 1 - h + o*h + 6*h**3. Give l(-1).
-6
Suppose -115*g - 5*v = -111*g + 25, -g - v = 8. Let u(m) = m**2 + 17*m + 45. What is u(g)?
15
Let c(i) = 1235*i - 1260*i - 5 + 7 - 1 + 4 + 3*i**2. What is c(9)?
23
Suppose 0 = -5*u - 3*z - 27, -2*u = 3*u + 2*z + 23. Let c(g) = -39*g + 45. Let l(t) = 102*t - 116. Let w(v) = 13*c(v) + 5*l(v). What is w(u)?
-4
Let d(i) = i - 19. Let x(q) = -2*q + 20. Let t(v) = -3*d(v) - 2*x(v). Let c be t(-14). Let j(h) = -5 + 4 - 1 + c*h. Determine j(4).
10
Let o(r) = -17 + 6*r**2 - 4411*r - r**3 - 30*r**2 + 3*r**2 + 4383*r. What is o(-20)?
143
Let d(z) = z**2 - 20. Let g be d(-5). Suppose -5*i - 3*a + g = 0, 4*a + 0 = -i + 1. Let b be ((-16)/(-6) - 3)/(i/3). Let n(q) = -6*q**3 - q - 1. Determine n(b).
6
Suppose 0*x - 12 = -3*x. Let k = 2792 + -2790. Let z be k - x - -2 - -1 - 9. Let n(v) = -2*v - 6. Calculate n(z).
10
Suppose 65*c + 4*k + 31 = 64*c, -k - 13 = 2*c. Let o(p) = -33*p - 91. Calculate o(c).
8
Let c(h) = h**2 + 7*h - 3. Let l(k) = k**2 + 6*k - 3. Let n(f) = 3*c(f) - 2*l(f). Give n(-9).
-3
Let d(b) = b + 11. Let a be d(-5). Let w(u) be the first derivative of -3*u**2 - 232 + 5*u + 1/3*u**3. Determine w(a).
5
Let c(d) = d**3 + 4*d**2 - 1. Suppose -258 + 96 = 13*w - 123. What is c(w)?
8
Let f(p) = -2*p**3 + 11 + p**3 - p - 12 + 7*p**2. Suppose -3*s = 9*k - 11*k + 50, 3*s + k = -56. Let x = 24 + s. Determine f(x).
29
Let s(c) = -234 - 39*c - 22*c + 72*c - 30*c. Give s(-12).
-6
Let x(w) = -w - 29. Let d = 4661 + -4673. Calculate x(d).
-17
Let g(a) = -328*a + 113*a - 5 + 110*a + 103*a. Let p(s) = -s**2 - 6*s + 4. Let h = 9 + -15. Let n be p(h). What is g(n)?
-13
Let j(y) = y**3 - 3*y**2 - 16*y + 44. Let v be j(5). Let q be (-1)/(-8) + 13/(208/v). Let g(x) = 4*x**3 + 3*x**2 - 4*x + 2. Give g(q).
5
Let l(f) = 8*f - 199. Let w(r) = -r + 26. Let g(n) = l(n) + 7*w(n). Give g(18).
1
Suppose 22*x + 40 = 18*x - 4*c, -2*x - 8 = -2*c. Let z be 1/8*4*4. Let s(q) = -4 - q - q + z - 2. Calculate s(x).
10
Let k(d) = 2*d**2 + 6*d + 12. Let c = 3407 + -3411. Determine k(c).
20
Let u = 121 + -120. Let m(s) = 4*s + 4 - 7 - 6*s + u. Calculate m(4).
-10
Suppose -5*u + 4*u = 5*b - 728, 4*u = 3*b + 3027. Let t = u - 750. Let o(k) be the first derivative of k**2 - 1. Calculate o(t).
6
Let r = -28 + 18. Let s(q) be the third derivative of q**5/120 + q**4/3 - 8*q**3/3 + 5*q**2 - q. Let o(v) be the first derivative of s(v). Give o(r).
-2
Let k be 13/156*-86 + 8. Let i(u) be the third derivative of -1/3*u**4 + 0 - 1/60*u**5 + 0*u - k*u**3 + 9*u**2. Calculate i(-5).
10
Let t(z) be the second derivative of z**4/12 + 7*z**3/6 + 9*z**2/2 + 1302*z. Calculate t(-11).
53
Let k(c) = -c - 6. Let y be ((-294)/(-28) - 13)*-2. What is k(y)?
-11
Let h be 15/(-4) - (-2)/(-8). Let g(t) = 4 + 0*t**2 - 322333*t - t**2 + 322337*t. Calculate g(h).
-28
Let x(o) = o**3 + 5*o**2 + 9. Suppose -3*n - 4*y + 33 = 45, 3*n + 12 = -3*y. What is x(n)?
25
Suppose -3*o = 12, 3*j + 211 - 56 = -5*o. Let h be 0 - ((-8)/6)/(10/j). Let d(y) = -y**2 - 5*y - 2. Calculate d(h).
-8
Let p(x) = -21*x + 707. Let z(d) = -16*d + 537. Let y(h) = -7*p(h) + 9*z(h). Give y(27).
-35
Let a(s) be the first derivative of 0*s**2 - 6 + 15*s - 17/6*s**3. Let v(c) be the first derivative of a(c). What is v(-1)?
17
Let y(p) be the third derivative of p**5/30 + p**4/4 - 25*p**3/6 - 6*p**2 + 121. Calculate y(-6).
11
Let z(f) = f**3 - 6*f**2 + 15*f - 47. Let c be z(5). Let x(v) = 2*v**2 + 2*v + 1. Calculate x(c).
25
Let s(x) = 187 - 2*x + x**2 - 6*x + x - 118 - 122. What is s(12)?
7
Suppose -5*k + 28 = -22. Suppose 4*j - 3*l = k, -4*l = 4*j - 5*l - 6. Let f(g) = 2*g + 1 - 3*g + 12*g**3 + 7*g**2 - 4*g**2 - 2*g**2. What is f(j)?
13
Let v = -295 + 289. Let r(a) = -2*a +